{"id":314,"date":"2017-10-25T01:24:05","date_gmt":"2017-10-24T23:24:05","guid":{"rendered":"http:\/\/lecercleduchocolat.org\/?page_id=314"},"modified":"2020-03-04T15:56:16","modified_gmt":"2020-03-04T14:56:16","slug":"plan-du-site","status":"publish","type":"page","link":"https:\/\/lecercleduchocolat.org\/index.php\/plan-du-site\/","title":{"rendered":"Plan du site"},"content":{"rendered":"<table cellpadding=\"5\">\n<tbody>\n<tr>\n<td style=\"width: 450px; vertical-align: top;\">\n<h4><a href=\"http:\/\/lecercleduchocolat.org\/index.php\/choco-actualites\/\">Choco Actualit\u00e9s<\/a><\/h4>\n<p><span style=\"color: #ffffff;\">.<\/span><\/p>\n<table cellpadding=\"5\">\n<tbody>\n<tr>\n<td style=\"vertical-align: middle;\">\n<h4><a href=\"http:\/\/lecercleduchocolat.org\/index.php\/le-chocolat\/\">Le chocolat<\/a><\/h4>\n<\/td>\n<td>\n<h4><img decoding=\"async\" loading=\"lazy\" class=\"alignnone wp-image-316\" src=\"http:\/\/lecercleduchocolat.org\/wp-content\/uploads\/2017\/10\/Cabosse.png\" alt=\"\" width=\"32\" height=\"40\" \/><\/h4>\n<\/td>\n<\/tr>\n<\/tbody>\n<\/table>\n<ul>\n<li><a href=\"http:\/\/lecercleduchocolat.org\/index.php\/le-chocolat\/les-tablettes-poussent-elles-sur-des-arbres\/\">Les tablettes poussent-elles sur des arbres ?<\/a><\/li>\n<li><a href=\"http:\/\/lecercleduchocolat.org\/index.php\/le-chocolat\/de-la-feve-a-votre-bouche\/\">De la f\u00e8ve \u00e0 votre bouche<\/a><\/li>\n<li><a href=\"http:\/\/lecercleduchocolat.org\/index.php\/le-chocolat\/ou-est-ne-le-chocolat\/\">O\u00f9 est &#8220;n\u00e9&#8221; le chocolat ?<\/a><\/li>\n<li><a href=\"http:\/\/lecercleduchocolat.org\/index.php\/le-chocolat\/le-chocolat-blanc-est-il-du-vrai-chocolat\/\">Le chocolat blanc est-il du vrai chocolat ?<\/a><\/li>\n<li><a href=\"http:\/\/lecercleduchocolat.org\/index.php\/le-chocolat\/bean-to-bar-cest-quoi-ca\/\">Bean to Bar, c&#8217;est quoi \u00e7a ?<\/a><\/li>\n<\/ul>\n<p><span style=\"color: #ffffff;\">.<\/span><\/p>\n<ul>\n<li><a href=\"http:\/\/lecercleduchocolat.org\/index.php\/le-chocolat\/le-chocolat-est-il-un-legume\/\">Le chocolat est-il un l\u00e9gume ?<\/a><\/li>\n<li><a href=\"http:\/\/lecercleduchocolat.org\/index.php\/le-chocolat\/tout-le-monde-aime-le-chocolat\/\">Tout le monde aime le chocolat<\/a><\/li>\n<\/ul>\n<p><span style=\"color: #ffffff;\">.<\/span><\/p>\n<table cellpadding=\"5\">\n<tbody>\n<tr>\n<td style=\"vertical-align: middle;\">\n<h4><a href=\"http:\/\/lecercleduchocolat.org\/index.php\/bibliochoco\/\">Biblio&#8217;choco<\/a><\/h4>\n<\/td>\n<td>\n<h4><img decoding=\"async\" loading=\"lazy\" class=\"alignnone wp-image-317\" src=\"http:\/\/lecercleduchocolat.org\/wp-content\/uploads\/2017\/10\/Livres.png\" alt=\"\" width=\"46\" height=\"40\" srcset=\"https:\/\/lecercleduchocolat.org\/wp-content\/uploads\/2017\/10\/Livres.png 153w, https:\/\/lecercleduchocolat.org\/wp-content\/uploads\/2017\/10\/Livres-150x132.png 150w\" sizes=\"(max-width: 46px) 100vw, 46px\" \/><\/h4>\n<\/td>\n<\/tr>\n<\/tbody>\n<\/table>\n<h4><a href=\"http:\/\/lecercleduchocolat.org\/index.php\/qui-sommes-nous\/\">Qui sommes-nous ?<\/a><\/h4>\n<p><span style=\"color: #ffffff;\">.<\/span><\/p>\n<table cellpadding=\"5\">\n<tbody>\n<tr>\n<td style=\"vertical-align: middle;\">\n<h5><a href=\"http:\/\/lecercleduchocolat.org\/index.php\/nos-chocolatiers\/\">Nos chocolatiers<\/a><\/h5>\n<\/td>\n<td>\n<h5><img decoding=\"async\" loading=\"lazy\" class=\"alignnone wp-image-223\" src=\"http:\/\/lecercleduchocolat.org\/wp-content\/uploads\/2017\/10\/LCDC_Chocolatiers-d\u00e9gust\u00e9s.jpg\" alt=\"\" width=\"30\" height=\"30\" \/><\/h5>\n<\/td>\n<\/tr>\n<\/tbody>\n<\/table>\n<table cellpadding=\"5\">\n<tbody>\n<tr>\n<td style=\"vertical-align: middle;\">\n<h5><a href=\"http:\/\/lecercleduchocolat.org\/index.php\/nos-lieux-de-degustation\/\">Nos lieux de d\u00e9gustation<\/a><\/h5>\n<\/td>\n<td>\n<h5><img decoding=\"async\" loading=\"lazy\" class=\"alignnone wp-image-225\" src=\"http:\/\/lecercleduchocolat.org\/wp-content\/uploads\/2017\/10\/LCDC_Lieux-de-d\u00e9gustations.gif\" alt=\"\" width=\"49\" height=\"30\" \/><\/h5>\n<\/td>\n<\/tr>\n<\/tbody>\n<\/table>\n<p><span style=\"color: #ffffff;\">.<\/span><\/p>\n<h5><a href=\"http:\/\/lecercleduchocolat.org\/index.php\/plan-du-site\/\">Plan du site<\/a><\/h5>\n<h5>Mentions L\u00e9gales<\/h5>\n<p><span style=\"color: #ffffff;\">.<\/span><\/p>\n<h5><a href=\"http:\/\/lecercleduchocolat.org\/index.php\/nous-rejoindre\/\">Nous rejoindre<\/a><\/h5>\n<p style=\"padding-left: 30px;\"><a href=\"http:\/\/lecercleduchocolat.org\/index.php\/statuts\/\">Statuts<\/a><\/p>\n<p style=\"padding-left: 30px;\"><a href=\"http:\/\/lecercleduchocolat.org\/index.php\/reglement-interieur\/\">R\u00e8glement Int\u00e9rieur<\/a><\/p>\n<table cellpadding=\"5\">\n<tbody>\n<tr>\n<td style=\"vertical-align: middle;\">\n<h5><a href=\"http:\/\/lecercleduchocolat.org\/index.php\/nous-contacter\/\">Nous contacter<\/a><\/h5>\n<\/td>\n<td><img decoding=\"async\" loading=\"lazy\" class=\"alignnone wp-image-161\" src=\"http:\/\/lecercleduchocolat.org\/wp-content\/uploads\/2017\/10\/NousContacter.gif\" alt=\"\" width=\"34\" height=\"30\" \/><\/td>\n<\/tr>\n<\/tbody>\n<\/table>\n<\/td>\n<td style=\"width: 450px; vertical-align: top;\">\n<table cellpadding=\"5\">\n<tbody>\n<tr>\n<td style=\"vertical-align: middle;\">\n<h4>Nos Activit\u00e9s<\/h4>\n<\/td>\n<td>\n<h4><img decoding=\"async\" loading=\"lazy\" class=\"alignnone wp-image-171\" src=\"http:\/\/lecercleduchocolat.org\/wp-content\/uploads\/2017\/10\/Comment-\u00e7a-s\u2019est-pass\u00e9.gif\" alt=\"\" width=\"80\" height=\"40\" \/><\/h4>\n<\/td>\n<\/tr>\n<\/tbody>\n<\/table>\n<h5>Nos activit\u00e9s en 2020<\/h5>\n<ul>\n<li>Jeudi 12 mars &#8211; <em>Chaudun<\/em><\/li>\n<li>Mardi 11 f\u00e9vrier &#8211; <em>Bernachon<\/em><\/li>\n<li>Jeudi 23 janvier &#8211; <em>Petite manufacture Cluizel<\/em><\/li>\n<\/ul>\n<h5>Nos activit\u00e9s en 2019<\/h5>\n<ul>\n<li>Mercredi 13 novembre \u2013 <em>ES-Koyama<\/em><\/li>\n<li>Mercredi 23 octobre \u2013 <em>Jean-Paul H\u00e9vin<\/em><\/li>\n<li>Mardi 11 juin \u2013 <em>La Maison du Chocolat<\/em><\/li>\n<li>Mardi 14 mai \u2013 <em>Johann Dubois<\/em><\/li>\n<li>Mardi 9 avril \u2013 <em>Edwart<\/em><\/li>\n<li>Mardi 12 mars \u2013 <em>Maison Le Roux<\/em><\/li>\n<li>Mardi 15 janvier \u2013 <em>Ara Chocolat<\/em><\/li>\n<\/ul>\n<h5><a href=\"http:\/\/lecercleduchocolat.org\/index.php\/nos-activites-en-2019\/nos-activites-en-2018\/\">Nos activit\u00e9s en 2018<\/a><\/h5>\n<ul>\n<li>Mardi 4 d\u00e9cembre \u2013 <em>Pierre Marcolini<\/em><\/li>\n<li>Mardi 13 novembre \u2013 <em>ES-Koyama<\/em><\/li>\n<li>Mardi 16 octobre \u2013 <em>Jacques G\u00e9nin<\/em><\/li>\n<li>Mardi 12 juin \u2013 <em>La Mutinerie<\/em><\/li>\n<li>Mardi 15 mai &#8211; <em>Gilles Cresno<\/em><\/li>\n<li>Mardi 17 avril &#8211; <em>Maison Caffet<\/em><\/li>\n<li>Mardi 20 mars &#8211; <em>Kyoko et Laurent Duch\u00eane<\/em><\/li>\n<li>Mardi 23 janvier &#8211; <em>A la m\u00e8re de famille<\/em><\/li>\n<\/ul>\n<h5><a href=\"http:\/\/lecercleduchocolat.org\/index.php\/nos-activites\/\">Nos Activit\u00e9s en 2017<\/a><\/h5>\n<ul>\n<li>Jeudi 7 d\u00e9cembre &#8211; <em>Patrick Roger<\/em><\/li>\n<li>Mardi 14 novembre &#8211; <em>Jean-Charles Rochoux<\/em><\/li>\n<li><a href=\"http:\/\/lecercleduchocolat.org\/index.php\/nos-activites-en-2018\/nos-activites\/mardi-10-octobre-2017-fabrice-gillotte\/\">Mardi 10 octobre\u00a0&#8211; <em>Fabrice Gillotte<\/em><\/a><\/li>\n<\/ul>\n<\/td>\n<\/tr>\n<\/tbody>\n<\/table>\n<p>&nbsp;<\/p>\n","protected":false},"excerpt":{"rendered":"<p>Choco Actualit\u00e9s . Le chocolat Les tablettes poussent-elles sur des arbres ? De la f\u00e8ve \u00e0 votre bouche O\u00f9 est &#8220;n\u00e9&#8221; le chocolat ? Le chocolat blanc est-il du vrai chocolat ? Bean to Bar, c&#8217;est quoi \u00e7a ? . Le chocolat est-il un l\u00e9gume ? Tout le monde aime le chocolat . Biblio&#8217;choco Qui [&hellip;]<\/p>\n","protected":false},"author":2,"featured_media":0,"parent":0,"menu_order":40,"comment_status":"closed","ping_status":"closed","template":"","meta":{"footnotes":""},"_links":{"self":[{"href":"https:\/\/lecercleduchocolat.org\/index.php\/wp-json\/wp\/v2\/pages\/314"}],"collection":[{"href":"https:\/\/lecercleduchocolat.org\/index.php\/wp-json\/wp\/v2\/pages"}],"about":[{"href":"https:\/\/lecercleduchocolat.org\/index.php\/wp-json\/wp\/v2\/types\/page"}],"author":[{"embeddable":true,"href":"https:\/\/lecercleduchocolat.org\/index.php\/wp-json\/wp\/v2\/users\/2"}],"replies":[{"embeddable":true,"href":"https:\/\/lecercleduchocolat.org\/index.php\/wp-json\/wp\/v2\/comments?post=314"}],"version-history":[{"count":5,"href":"https:\/\/lecercleduchocolat.org\/index.php\/wp-json\/wp\/v2\/pages\/314\/revisions"}],"predecessor-version":[{"id":1368,"href":"https:\/\/lecercleduchocolat.org\/index.php\/wp-json\/wp\/v2\/pages\/314\/revisions\/1368"}],"wp:attachment":[{"href":"https:\/\/lecercleduchocolat.org\/index.php\/wp-json\/wp\/v2\/media?parent=314"}],"curies":[{"name":"wp","href":"https:\/\/api.w.org\/{rel}","templated":true}]}}