{"id":227,"date":"2017-10-22T20:23:33","date_gmt":"2017-10-22T18:23:33","guid":{"rendered":"http:\/\/lecercleduchocolat.org\/?page_id=227"},"modified":"2020-02-18T16:30:00","modified_gmt":"2020-02-18T15:30:00","slug":"nos-activites","status":"publish","type":"page","link":"https:\/\/lecercleduchocolat.org\/index.php\/nos-activites-en-2020\/nos-activites\/","title":{"rendered":"Nos Activit\u00e9s en 2017"},"content":{"rendered":"<blockquote>\n<p style=\"text-align: center;\"><a href=\"http:\/\/lecercleduchocolat.org\/index.php\/nos-chocolatiers\/\">Nos chocolatiers<\/a>\u00a0\u00a0 &#8211; \u00a0Nos Activit\u00e9s en : <strong>\u2026<\/strong> | <a href=\"http:\/\/lecercleduchocolat.org\/index.php\/nos-activites-en-2019\/nos-activites-en-2018\/\">2018<\/a> | <a href=\"http:\/\/lecercleduchocolat.org\/index.php\/nos-activites-en-2019\/\">2019<\/a><\/p>\n<\/blockquote>\n<table border=\"0\" cellpadding=\"5\" align=\"center\">\n<tbody>\n<tr>\n<td style=\"vertical-align: middle;\">\n<h6>Afin d&#8217;en savoir un peu plus sur l&#8217;activit\u00e9 pass\u00e9e (chocolats d\u00e9gust\u00e9s, lieu, photos, &#8230;), cliquez sur<\/h6>\n<\/td>\n<td style=\"vertical-align: middle;\"><img decoding=\"async\" loading=\"lazy\" class=\"alignnone wp-image-171\" src=\"http:\/\/lecercleduchocolat.org\/wp-content\/uploads\/2017\/10\/Comment-\u00e7a-s\u2019est-pass\u00e9.gif\" alt=\"\" width=\"66\" height=\"33\" \/><\/td>\n<\/tr>\n<\/tbody>\n<\/table>\n<table border=\"0\" cellpadding=\"5\" align=\"center\">\n<tbody>\n<tr>\n<td style=\"vertical-align: middle;\">\n<h6>Si vous vous posez la question &#8220;Mais o\u00f9 \u00e7a se trouve ?&#8221;,\u00a0la r\u00e9ponse est<\/h6>\n<\/td>\n<td style=\"vertical-align: middle;\"><img decoding=\"async\" loading=\"lazy\" class=\"alignnone wp-image-226\" src=\"http:\/\/lecercleduchocolat.org\/wp-content\/uploads\/2017\/10\/Mais-o\u00f9-\u00e7a-se-trouve.png\" alt=\"\" width=\"31\" height=\"33\" \/><\/td>\n<\/tr>\n<\/tbody>\n<\/table>\n<p><span style=\"color: #ffffff;\">.<\/span><a id=\"A20171207\"><\/a><\/p>\n<h3>Jeudi 7 d\u00e9cembre 2017 &#8211; Patrick Roger<\/h3>\n<blockquote>\n<p style=\"text-align: justify;\">Cette fois, nous nous retrouverons dans un bar \u00e0 vins tr\u00e8s sympa du passage du Grand Cerf : <strong>Le Pas Sage<\/strong>.<\/p>\n<p style=\"text-align: justify;\">Mais avant notre repas, nous ferons une d\u00e9gustation de divers bonbons de <strong>Patrick Roger<\/strong>, chocolatier \u00e0 Sceaux mais aussi \u00e0 Paris, Saint-Germain-en-Laye et Bruxelles.<\/p>\n<p><span style=\"color: #ffffff;\">.<\/span><\/p>\n<table cellpadding=\"5\">\n<tbody>\n<tr>\n<td style=\"width: 40px;\"><img decoding=\"async\" loading=\"lazy\" class=\"alignnone wp-image-223 aligncenter\" src=\"http:\/\/lecercleduchocolat.org\/wp-content\/uploads\/2017\/10\/LCDC_Chocolatiers-d\u00e9gust\u00e9s.jpg\" alt=\"\" width=\"30\" height=\"30\" \/><\/td>\n<td style=\"width: 350px; vertical-align: middle;\"><strong>Patrick Roger<\/strong><\/td>\n<td style=\"width: 100px; text-align: center;\"><img decoding=\"async\" loading=\"lazy\" class=\"alignnone wp-image-225\" src=\"http:\/\/lecercleduchocolat.org\/wp-content\/uploads\/2017\/10\/LCDC_Lieux-de-d\u00e9gustations.gif\" alt=\"\" width=\"49\" height=\"30\" \/><\/td>\n<td style=\"width: 350px; vertical-align: middle;\"><strong>Le Pas Sage<\/strong><\/td>\n<\/tr>\n<tr>\n<td style=\"width: 40px; text-align: center;\"><a href=\"https:\/\/fr-fr.facebook.com\/patrickrogerofficiel\/\" target=\"_blank\" rel=\"noopener noreferrer\"><img decoding=\"async\" loading=\"lazy\" class=\"alignnone wp-image-224\" src=\"http:\/\/lecercleduchocolat.org\/wp-content\/uploads\/2017\/10\/LCDC_Facebook.png\" alt=\"\" width=\"27\" height=\"30\" \/><\/a><\/td>\n<td style=\"width: 350px; vertical-align: middle;\"><a href=\"https:\/\/www.patrickroger.com\/\" target=\"_blank\" rel=\"noopener noreferrer\">https:\/\/www.patrickroger.com\/<\/a><\/td>\n<td style=\"width: 100px; text-align: center;\"><a href=\"https:\/\/fr-fr.facebook.com\/cafelepassage\/\" target=\"_blank\" rel=\"noopener noreferrer\"><img decoding=\"async\" loading=\"lazy\" class=\"alignnone wp-image-224\" src=\"http:\/\/lecercleduchocolat.org\/wp-content\/uploads\/2017\/10\/LCDC_Facebook.png\" alt=\"\" width=\"27\" height=\"30\" \/><\/a><\/td>\n<td style=\"width: 350px; vertical-align: middle;\">\u00a0<a href=\"https:\/\/restaurant-lepassage.fr\/\" target=\"_blank\" rel=\"noopener noreferrer\">https:\/\/restaurant-lepassage.fr\/<\/a><\/td>\n<\/tr>\n<tr>\n<td style=\"width: 40px; text-align: center;\"><a href=\"https:\/\/www.google.fr\/maps\/place\/Patrick+Roger,+47+Rue+Houdan,+92330+Sceaux\/@48.7767786,2.2961446,16z\/data=!4m2!3m1!1s0x47e670b55e6e912f:0xe75e24a017aa2f4d\" target=\"_blank\" rel=\"noopener noreferrer\"><img decoding=\"async\" loading=\"lazy\" class=\"alignnone wp-image-226\" src=\"http:\/\/lecercleduchocolat.org\/wp-content\/uploads\/2017\/10\/Mais-o\u00f9-\u00e7a-se-trouve.png\" alt=\"\" width=\"28\" height=\"30\" \/><\/a><\/td>\n<td style=\"width: 350px; vertical-align: middle;\">47 rue Houdan 92330 Sceaux<\/td>\n<td style=\"width: 100px; text-align: center;\"><a href=\"https:\/\/www.google.fr\/maps\/place\/Le+Pas+Sage,+145+Rue+St+Denis,+75002+Paris\/@48.8643863,2.3503536,17z\/data=!4m2!3m1!1s0x47e66e198dfdc58b:0x14f7a281551152f2\" target=\"_blank\" rel=\"noopener noreferrer\"><img decoding=\"async\" loading=\"lazy\" class=\"alignnone wp-image-226\" src=\"http:\/\/lecercleduchocolat.org\/wp-content\/uploads\/2017\/10\/Mais-o\u00f9-\u00e7a-se-trouve.png\" alt=\"\" width=\"28\" height=\"30\" \/><\/a><\/td>\n<td style=\"width: 350px; vertical-align: middle;\">\u00a0145 rue Saint Denis 75002 Paris<\/td>\n<\/tr>\n<tr>\n<td style=\"width: 40px; text-align: center;\"><a href=\"https:\/\/www.google.fr\/maps\/place\/Patrick+Roger,+108+Boulevard+Saint-Germain,+75006+Paris\/@48.851848,2.341894,17z\/data=!4m2!3m1!1s0x47e671de708b8591:0x393b608339047427\" target=\"_blank\" rel=\"noopener noreferrer\"><img decoding=\"async\" loading=\"lazy\" class=\"alignnone wp-image-226\" src=\"http:\/\/lecercleduchocolat.org\/wp-content\/uploads\/2017\/10\/Mais-o\u00f9-\u00e7a-se-trouve.png\" alt=\"\" width=\"28\" height=\"30\" \/><\/a><\/td>\n<td style=\"width: 350px; vertical-align: middle;\">108 boulevard Saint-Germain 75006 Paris<\/td>\n<td style=\"width: 100px; text-align: center;\"><\/td>\n<td style=\"width: 350px; vertical-align: middle;\"><\/td>\n<\/tr>\n<\/tbody>\n<\/table>\n<\/blockquote>\n<p><span style=\"color: #ffffff;\">.<a id=\"A20171114\"><\/a><\/span><\/p>\n<h3>Mardi 14 novembre 2017 &#8211; Jean-Charles Rochoux<\/h3>\n<blockquote>\n<p style=\"text-align: justify;\">Pour notre deuxi\u00e8me d\u00e9gustation, nous nous retrouverons dans un petit h\u00f4tel chic et design o\u00f9 officie le soir\u00a0<strong>Audrey Lef\u00e8vre<\/strong>, l&#8217;un des <strong>Chefs du Quartier<\/strong> : l&#8217;<strong>h\u00f4tel Saint Marcel<\/strong>.<\/p>\n<p style=\"text-align: justify;\">Mais avant notre repas, nous ferons une d\u00e9gustation de divers bonbons et tablettes de chocolat de <strong>Jean\u00a0Charles Rochoux<\/strong>, chocolatier \u00e0 Paris.<\/p>\n<p><span style=\"color: #ffffff;\">.<\/span><\/p>\n<table cellpadding=\"5\">\n<tbody>\n<tr>\n<td style=\"width: 40px; text-align: center;\"><img decoding=\"async\" loading=\"lazy\" class=\"alignnone wp-image-223\" src=\"http:\/\/lecercleduchocolat.org\/wp-content\/uploads\/2017\/10\/LCDC_Chocolatiers-d\u00e9gust\u00e9s.jpg\" alt=\"\" width=\"30\" height=\"30\" \/><\/td>\n<td style=\"width: 350px; vertical-align: middle;\"><strong>Jean-Charles Rochoux<\/strong><\/td>\n<td style=\"width: 100px; text-align: center;\"><img decoding=\"async\" loading=\"lazy\" class=\"alignnone wp-image-225\" src=\"http:\/\/lecercleduchocolat.org\/wp-content\/uploads\/2017\/10\/LCDC_Lieux-de-d\u00e9gustations.gif\" alt=\"\" width=\"49\" height=\"30\" \/><\/td>\n<td style=\"width: 350px; vertical-align: middle;\"><strong>Chefs du Quartier<\/strong><\/td>\n<\/tr>\n<tr>\n<td style=\"width: 40px; text-align: center;\"><\/td>\n<td style=\"width: 350px; vertical-align: middle;\"><a href=\"https:\/\/www.jcrochoux.com\/\" target=\"_blank\" rel=\"noopener noreferrer\">https:\/\/www.jcrochoux.com\/<\/a><\/td>\n<td style=\"width: 100px; text-align: center;\"><a href=\"https:\/\/fr-fr.facebook.com\/chefsduquartier\/\" target=\"_blank\" rel=\"noopener noreferrer\"><img decoding=\"async\" loading=\"lazy\" class=\"alignnone wp-image-224\" src=\"http:\/\/lecercleduchocolat.org\/wp-content\/uploads\/2017\/10\/LCDC_Facebook.png\" alt=\"\" width=\"27\" height=\"30\" \/><\/a><\/td>\n<td style=\"width: 350px; vertical-align: middle;\"><a href=\"https:\/\/www.chefsduquartier.fr\/\" target=\"_blank\" rel=\"noopener noreferrer\">https:\/\/www.chefsduquartier.fr\/<\/a><\/td>\n<\/tr>\n<tr>\n<td style=\"width: 40px; text-align: center;\"><a href=\"https:\/\/www.google.fr\/maps\/place\/Jean-Charles+Rochoux,+16+Rue+d'Assas,+75006+Paris\/@48.8482711,2.3303665,16z\/data=!4m2!3m1!1s0x47e671d10ae1d2d5:0xe5ee708e760f1c74\" target=\"_blank\" rel=\"noopener noreferrer\"><img decoding=\"async\" loading=\"lazy\" class=\"alignnone wp-image-226\" src=\"http:\/\/lecercleduchocolat.org\/wp-content\/uploads\/2017\/10\/Mais-o\u00f9-\u00e7a-se-trouve.png\" alt=\"\" width=\"28\" height=\"30\" \/><\/a><\/td>\n<td style=\"width: 350px; vertical-align: middle;\">16 rue d&#8217;Assas 75006 Paris<\/td>\n<td style=\"width: 100px; text-align: center;\"><a href=\"https:\/\/www.google.fr\/maps\/place\/Chefs+du+Quartier,+12+Rue+du+Jura,+75013+Paris\/@48.8369375,2.3579525,16z\/data=!4m2!3m1!1s0x47e671f2e995afc9:0xd531bdef9ca80787\" target=\"_blank\" rel=\"noopener noreferrer\"><img decoding=\"async\" loading=\"lazy\" class=\"alignnone wp-image-226\" src=\"http:\/\/lecercleduchocolat.org\/wp-content\/uploads\/2017\/10\/Mais-o\u00f9-\u00e7a-se-trouve.png\" alt=\"\" width=\"28\" height=\"30\" \/><\/a><\/td>\n<td style=\"width: 350px; vertical-align: middle;\">12 rue du Jura 75013 Paris<\/td>\n<\/tr>\n<\/tbody>\n<\/table>\n<\/blockquote>\n<p><span style=\"color: #ffffff;\">.<a id=\"A20171010\"><\/a><\/span><\/p>\n<h3>Mardi 10 octobre 2017 &#8211; Fabrice Gillotte<\/h3>\n<blockquote>\n<p style=\"text-align: justify;\">Pour la premi\u00e8re d\u00e9gustation de notre nouveau club d&#8217;amateurs de <strong>chocolat<\/strong>, nous vous convions dans une petite cr\u00eaperie cr\u00e9\u00e9e il y a peu\u00a0par un gourmand de chocolat : <strong>Les Cr\u00eapes de Louis-Marie<\/strong>.<\/p>\n<p style=\"text-align: justify;\">Mais avant notre repas de cr\u00eapes accompagn\u00e9 de cidre, nous ferons une d\u00e9gustation de divers bonbons de chocolats de <strong>Fabrice\u00a0Gillotte<\/strong>, maitre-chocolatier \u00e0 Dijon.<\/p>\n<p><a href=\"http:\/\/lecercleduchocolat.org\/index.php\/nos-activites-en-2018\/nos-activites\/mardi-10-octobre-2017-fabrice-gillotte\/\"><img decoding=\"async\" loading=\"lazy\" class=\"alignnone wp-image-171\" src=\"http:\/\/lecercleduchocolat.org\/wp-content\/uploads\/2017\/10\/Comment-\u00e7a-s\u2019est-pass\u00e9.gif\" alt=\"\" width=\"66\" height=\"33\" \/><\/a><\/p>\n<p style=\"text-align: justify;\"><span style=\"color: #ffffff;\">.<\/span><\/p>\n<table cellpadding=\"5\">\n<tbody>\n<tr>\n<td style=\"width: 40px;\"><img decoding=\"async\" loading=\"lazy\" class=\"alignnone wp-image-223\" src=\"http:\/\/lecercleduchocolat.org\/wp-content\/uploads\/2017\/10\/LCDC_Chocolatiers-d\u00e9gust\u00e9s.jpg\" alt=\"\" width=\"30\" height=\"30\" \/><\/td>\n<td style=\"width: 400px; vertical-align: middle;\"><strong>Fabrice Gillotte<\/strong><\/td>\n<td style=\"width: 100px; text-align: center;\"><img decoding=\"async\" loading=\"lazy\" class=\"wp-image-225 aligncenter\" src=\"http:\/\/lecercleduchocolat.org\/wp-content\/uploads\/2017\/10\/LCDC_Lieux-de-d\u00e9gustations.gif\" alt=\"\" width=\"49\" height=\"30\" \/><\/td>\n<td style=\"width: 350px; vertical-align: middle;\"><strong>Les Cr\u00eapes de Louis-Marie<\/strong><\/td>\n<\/tr>\n<tr>\n<td style=\"width: 40px;\"><a href=\"https:\/\/fr-fr.facebook.com\/fabricegillotte\/\" target=\"_blank\" rel=\"noopener noreferrer\"><img decoding=\"async\" loading=\"lazy\" class=\"alignnone wp-image-224\" src=\"http:\/\/lecercleduchocolat.org\/wp-content\/uploads\/2017\/10\/LCDC_Facebook.png\" alt=\"\" width=\"27\" height=\"30\" \/><\/a><\/td>\n<td style=\"width: 400px; vertical-align: middle;\"><a href=\"http:\/\/www.fabrice-gillotte.fr\/\" target=\"_blank\" rel=\"noopener noreferrer\">www.fabrice-gillotte.fr\/<\/a><\/td>\n<td style=\"width: 100px; text-align: center;\"><a href=\"https:\/\/www.facebook.com\/lescrepesdelouismarie\/\" target=\"_blank\" rel=\"noopener noreferrer\"><img decoding=\"async\" loading=\"lazy\" class=\"alignnone wp-image-224\" src=\"http:\/\/lecercleduchocolat.org\/wp-content\/uploads\/2017\/10\/LCDC_Facebook.png\" alt=\"\" width=\"27\" height=\"30\" \/><\/a><a href=\"https:\/\/www.google.fr\/maps\/place\/Les+Cr%C3%AApes+de+Louis-Marie,+1+Rue+de+l'Arbal%C3%A8te,+75005+Paris\/@48.8402939,2.3505469,18z\/data=!4m2!3m1!1s0x47e671dea76fcc1b:0xfc4fc2a4bae8b28e\" target=\"_blank\" rel=\"noopener noreferrer\"><br \/>\n<\/a><\/td>\n<td style=\"width: 350px; vertical-align: middle;\"><\/td>\n<\/tr>\n<tr>\n<td style=\"width: 40px;\"><a href=\"https:\/\/www.google.fr\/maps\/place\/Fabrice+Gillotte+Cr%C3%A9ateur+Chocolatier,+21+Rue+du+Bourg,+21000+Dijon\/@47.3207652,5.0412313,17z\/data=!4m2!3m1!1s0x47f29de90acbdc69:0x25b05c3457106665\" target=\"_blank\" rel=\"noopener noreferrer\"><img decoding=\"async\" loading=\"lazy\" class=\"alignnone wp-image-226\" src=\"http:\/\/lecercleduchocolat.org\/wp-content\/uploads\/2017\/10\/Mais-o\u00f9-\u00e7a-se-trouve.png\" alt=\"\" width=\"28\" height=\"30\" \/><\/a><\/td>\n<td style=\"width: 400px; vertical-align: middle;\">21 rue du Bourg 21000 Dijon<\/td>\n<td style=\"width: 100px; text-align: center;\"><a href=\"https:\/\/www.google.fr\/maps\/place\/Les+Cr%C3%AApes+de+Louis-Marie,+1+Rue+de+l'Arbal%C3%A8te,+75005+Paris\/@48.8402939,2.3505469,18z\/data=!4m2!3m1!1s0x47e671dea76fcc1b:0xfc4fc2a4bae8b28e\" target=\"_blank\" rel=\"noopener noreferrer\"><img decoding=\"async\" loading=\"lazy\" class=\"alignnone wp-image-226\" src=\"http:\/\/lecercleduchocolat.org\/wp-content\/uploads\/2017\/10\/Mais-o\u00f9-\u00e7a-se-trouve.png\" alt=\"\" width=\"28\" height=\"30\" \/><\/a><\/td>\n<td style=\"width: 350px; vertical-align: middle;\">1 rue de l&#8217;Arbal\u00e8te 75005 Paris<\/td>\n<\/tr>\n<tr>\n<td style=\"width: 40px;\"><a href=\"https:\/\/www.google.fr\/maps\/place\/Fabrice+Gillotte+Cr%C3%A9ateur+Chocolatier,+59+Rue+des+Granges,+25000+Besan%C3%A7on\/@47.2376124,6.0272471,18z\/data=!4m2!3m1!1s0x478d633c0949121f:0x3a2bf0019de9ca88\" target=\"_blank\" rel=\"noopener noreferrer\"><img decoding=\"async\" loading=\"lazy\" class=\"alignnone wp-image-226\" src=\"http:\/\/lecercleduchocolat.org\/wp-content\/uploads\/2017\/10\/Mais-o\u00f9-\u00e7a-se-trouve.png\" alt=\"\" width=\"28\" height=\"30\" \/><\/a><\/td>\n<td style=\"width: 400px; vertical-align: middle;\">59 rue des Granges 25000 Besan\u00e7on<\/td>\n<\/tr>\n<tr>\n<td style=\"width: 40px;\"><a href=\"https:\/\/www.google.fr\/maps\/place\/Mococha,+89+Rue+Mouffetard,+75005+Paris\/@48.8413023,2.3501263,18z\/data=!4m2!3m1!1s0x47e671eea5af6821:0x9cfd3f5a2475fa7e\" target=\"_blank\" rel=\"noopener noreferrer\"><img decoding=\"async\" loading=\"lazy\" class=\"alignnone wp-image-226\" src=\"http:\/\/lecercleduchocolat.org\/wp-content\/uploads\/2017\/10\/Mais-o\u00f9-\u00e7a-se-trouve.png\" alt=\"\" width=\"28\" height=\"30\" \/><\/a><a href=\"https:\/\/www.google.fr\/maps\/place\/Fabrice+Gillotte+Cr%C3%A9ateur+Chocolatier,+59+Rue+des+Granges,+25000+Besan%C3%A7on\/@47.2376124,6.0272471,18z\/data=!4m2!3m1!1s0x478d633c0949121f:0x3a2bf0019de9ca88\" target=\"_blank\" rel=\"noopener noreferrer\"><br \/>\n<\/a><\/td>\n<td style=\"width: 400px; vertical-align: middle;\"><strong>Mococha<\/strong> &#8211; 89 rue Mouffetard 75005 Paris<\/p>\n<p><a href=\"https:\/\/www.chocolatsmococha.com\/\" target=\"_blank\" rel=\"noopener noreferrer\">https:\/\/www.chocolatsmococha.com\/<\/a><\/td>\n<\/tr>\n<\/tbody>\n<\/table>\n<\/blockquote>\n<p><span style=\"color: #ffffff;\">.<\/span><\/p>\n","protected":false},"excerpt":{"rendered":"<p>Nos chocolatiers\u00a0\u00a0 &#8211; \u00a0Nos Activit\u00e9s en : \u2026 | 2018 | 2019 Afin d&#8217;en savoir un peu plus sur l&#8217;activit\u00e9 pass\u00e9e (chocolats d\u00e9gust\u00e9s, lieu, photos, &#8230;), cliquez sur Si vous vous posez la question &#8220;Mais o\u00f9 \u00e7a se trouve ?&#8221;,\u00a0la r\u00e9ponse est . Jeudi 7 d\u00e9cembre 2017 &#8211; Patrick Roger Cette fois, nous nous retrouverons [&hellip;]<\/p>\n","protected":false},"author":2,"featured_media":0,"parent":1266,"menu_order":100,"comment_status":"closed","ping_status":"closed","template":"","meta":{"footnotes":""},"_links":{"self":[{"href":"https:\/\/lecercleduchocolat.org\/index.php\/wp-json\/wp\/v2\/pages\/227"}],"collection":[{"href":"https:\/\/lecercleduchocolat.org\/index.php\/wp-json\/wp\/v2\/pages"}],"about":[{"href":"https:\/\/lecercleduchocolat.org\/index.php\/wp-json\/wp\/v2\/types\/page"}],"author":[{"embeddable":true,"href":"https:\/\/lecercleduchocolat.org\/index.php\/wp-json\/wp\/v2\/users\/2"}],"replies":[{"embeddable":true,"href":"https:\/\/lecercleduchocolat.org\/index.php\/wp-json\/wp\/v2\/comments?post=227"}],"version-history":[{"count":4,"href":"https:\/\/lecercleduchocolat.org\/index.php\/wp-json\/wp\/v2\/pages\/227\/revisions"}],"predecessor-version":[{"id":1262,"href":"https:\/\/lecercleduchocolat.org\/index.php\/wp-json\/wp\/v2\/pages\/227\/revisions\/1262"}],"up":[{"embeddable":true,"href":"https:\/\/lecercleduchocolat.org\/index.php\/wp-json\/wp\/v2\/pages\/1266"}],"wp:attachment":[{"href":"https:\/\/lecercleduchocolat.org\/index.php\/wp-json\/wp\/v2\/media?parent=227"}],"curies":[{"name":"wp","href":"https:\/\/api.w.org\/{rel}","templated":true}]}}